{"id":780,"date":"2020-03-23T16:03:16","date_gmt":"2020-03-23T15:03:16","guid":{"rendered":"http:\/\/adhesifs-decals.fr\/?post_type=product&#038;p=780"},"modified":"2023-08-10T11:29:11","modified_gmt":"2023-08-10T09:29:11","slug":"inter-bande-cabine","status":"publish","type":"product","link":"https:\/\/adhesifs-decals.fr\/?product=inter-bande-cabine","title":{"rendered":"Inter-bande-cabine"},"content":{"rendered":"<p>Bandes de montant de cabine pour deux montants.<u><\/u><u><\/u><\/p>\n<p>Vinyle polym\u00e8re, d\u00e9coup\u00e9 et plac\u00e9 sous transfert.<u><\/u><u><\/u><\/p>\n<p>Non OEM\u00a0, \u00e9l\u00e9ments adaptables sur v\u00e9hicule.<\/p>\n","protected":false},"excerpt":{"rendered":"<p>Bandes de montant de cabine pour deux montants.<u><\/u><u><\/u><\/p>\n<p>Vinyle polym\u00e8re, d\u00e9coup\u00e9 et plac\u00e9 sous transfert.<u><\/u><u><\/u><\/p>\n<p>Non OEM\u00a0, \u00e9l\u00e9ments adaptables sur v\u00e9hicule.<\/p>\n","protected":false},"featured_media":781,"template":"","meta":[],"product_cat":[25,42,21],"product_tag":[],"aioseo_notices":[],"_links":{"self":[{"href":"https:\/\/adhesifs-decals.fr\/index.php?rest_route=\/wp\/v2\/product\/780"}],"collection":[{"href":"https:\/\/adhesifs-decals.fr\/index.php?rest_route=\/wp\/v2\/product"}],"about":[{"href":"https:\/\/adhesifs-decals.fr\/index.php?rest_route=\/wp\/v2\/types\/product"}],"wp:featuredmedia":[{"embeddable":true,"href":"https:\/\/adhesifs-decals.fr\/index.php?rest_route=\/wp\/v2\/media\/781"}],"wp:attachment":[{"href":"https:\/\/adhesifs-decals.fr\/index.php?rest_route=%2Fwp%2Fv2%2Fmedia&parent=780"}],"wp:term":[{"taxonomy":"product_cat","embeddable":true,"href":"https:\/\/adhesifs-decals.fr\/index.php?rest_route=%2Fwp%2Fv2%2Fproduct_cat&post=780"},{"taxonomy":"product_tag","embeddable":true,"href":"https:\/\/adhesifs-decals.fr\/index.php?rest_route=%2Fwp%2Fv2%2Fproduct_tag&post=780"}],"curies":[{"name":"wp","href":"https:\/\/api.w.org\/{rel}","templated":true}]}}