{"id":2203,"date":"2020-06-05T17:07:50","date_gmt":"2020-06-05T15:07:50","guid":{"rendered":"https:\/\/adhesifs-decals.fr\/?post_type=product&#038;p=2203"},"modified":"2020-06-05T17:08:27","modified_gmt":"2020-06-05T15:08:27","slug":"jeu-de-bandeaux-adhesifs-pour-renault-rn-0551","status":"publish","type":"product","link":"https:\/\/adhesifs-decals.fr\/?product=jeu-de-bandeaux-adhesifs-pour-renault-rn-0551","title":{"rendered":"Jeu de bandeaux adh\u00e9sifs pour Renault RN-0551"},"content":{"rendered":"<p>Jeu de bandeaux capot pour RENAULT RN-0551<\/p>\n<p>Impression, lamination d\u00e9coupe sur vinyle polym\u00e8re \u00e0 colle structur\u00e9e (cela \u00e9vite de faire des bulles lors du collage)<\/p>\n<p>2 pi\u00e8ces, stickers en finition mate.<\/p>\n<p>Non OEM\u00a0, \u00e9l\u00e9ments adaptables sur v\u00e9hicule.<\/p>\n<p><a href=\"https:\/\/adhesifs-decals.fr\"><img decoding=\"async\" class=\"alignnone wp-image-42\" src=\"https:\/\/adhesifs-decals.fr\/wp-content\/uploads\/2019\/12\/logoAD-fi13159433x257.png\" alt=\"\" width=\"200\" height=\"99\" \/><\/a><\/p>\n<p>Pour plus d&rsquo;informations sur les produits ou pour une r\u00e9alisation sp\u00e9ciale veuillez nous contacter <a href=\"https:\/\/adhesifs-decals.fr\/?page_id=172\">ici<\/a>.<\/p>\n<p>&nbsp;<\/p>\n","protected":false},"excerpt":{"rendered":"<p>Jeu de bandeaux capot pour RENAULT RN-0551<\/p>\n<p>Impression, lamination d\u00e9coupe sur vinyle polym\u00e8re \u00e0 colle structur\u00e9e (cela \u00e9vite de faire des bulles lors du collage)<\/p>\n<p>2 pi\u00e8ces, stickers en finition mate.<\/p>\n<p>Non OEM\u00a0, \u00e9l\u00e9ments adaptables sur v\u00e9hicule.<\/p>\n","protected":false},"featured_media":2204,"template":"","meta":[],"product_cat":[19,20],"product_tag":[],"aioseo_notices":[],"_links":{"self":[{"href":"https:\/\/adhesifs-decals.fr\/index.php?rest_route=\/wp\/v2\/product\/2203"}],"collection":[{"href":"https:\/\/adhesifs-decals.fr\/index.php?rest_route=\/wp\/v2\/product"}],"about":[{"href":"https:\/\/adhesifs-decals.fr\/index.php?rest_route=\/wp\/v2\/types\/product"}],"wp:featuredmedia":[{"embeddable":true,"href":"https:\/\/adhesifs-decals.fr\/index.php?rest_route=\/wp\/v2\/media\/2204"}],"wp:attachment":[{"href":"https:\/\/adhesifs-decals.fr\/index.php?rest_route=%2Fwp%2Fv2%2Fmedia&parent=2203"}],"wp:term":[{"taxonomy":"product_cat","embeddable":true,"href":"https:\/\/adhesifs-decals.fr\/index.php?rest_route=%2Fwp%2Fv2%2Fproduct_cat&post=2203"},{"taxonomy":"product_tag","embeddable":true,"href":"https:\/\/adhesifs-decals.fr\/index.php?rest_route=%2Fwp%2Fv2%2Fproduct_tag&post=2203"}],"curies":[{"name":"wp","href":"https:\/\/api.w.org\/{rel}","templated":true}]}}