{"id":1423,"date":"2020-04-09T10:37:50","date_gmt":"2020-04-09T08:37:50","guid":{"rendered":"https:\/\/adhesifs-decals.fr\/?post_type=product&#038;p=1423"},"modified":"2020-04-09T10:38:33","modified_gmt":"2020-04-09T08:38:33","slug":"deutz-ar-cab","status":"publish","type":"product","link":"https:\/\/adhesifs-decals.fr\/?product=deutz-ar-cab","title":{"rendered":"Deutz-AR Cab"},"content":{"rendered":"","protected":false},"excerpt":{"rendered":"<p><span data-sheets-value=\"{&quot;1&quot;:2,&quot;2&quot;:&quot; Vinyle d\u00e9coup\u00e9 et plac\u00e9 sous transfert.&quot;}\">Vinyle d\u00e9coup\u00e9 et plac\u00e9 sous transfert.<\/span><\/p>\n","protected":false},"featured_media":1424,"template":"","meta":[],"product_cat":[39,37],"product_tag":[],"aioseo_notices":[],"_links":{"self":[{"href":"https:\/\/adhesifs-decals.fr\/index.php?rest_route=\/wp\/v2\/product\/1423"}],"collection":[{"href":"https:\/\/adhesifs-decals.fr\/index.php?rest_route=\/wp\/v2\/product"}],"about":[{"href":"https:\/\/adhesifs-decals.fr\/index.php?rest_route=\/wp\/v2\/types\/product"}],"wp:featuredmedia":[{"embeddable":true,"href":"https:\/\/adhesifs-decals.fr\/index.php?rest_route=\/wp\/v2\/media\/1424"}],"wp:attachment":[{"href":"https:\/\/adhesifs-decals.fr\/index.php?rest_route=%2Fwp%2Fv2%2Fmedia&parent=1423"}],"wp:term":[{"taxonomy":"product_cat","embeddable":true,"href":"https:\/\/adhesifs-decals.fr\/index.php?rest_route=%2Fwp%2Fv2%2Fproduct_cat&post=1423"},{"taxonomy":"product_tag","embeddable":true,"href":"https:\/\/adhesifs-decals.fr\/index.php?rest_route=%2Fwp%2Fv2%2Fproduct_tag&post=1423"}],"curies":[{"name":"wp","href":"https:\/\/api.w.org\/{rel}","templated":true}]}}